{"id":101,"date":"2017-02-01T22:15:45","date_gmt":"2017-02-02T01:15:45","guid":{"rendered":"http:\/\/les.edu.uy\/fisica\/?page_id=101"},"modified":"2021-03-09T17:07:01","modified_gmt":"2021-03-09T20:07:01","slug":"integrantes","status":"publish","type":"page","link":"http:\/\/les.edu.uy\/fisica\/integrantes\/","title":{"rendered":"Integrantes"},"content":{"rendered":"<h5>Funcionarios Docentes<\/h5>\n<hr \/>\n<p><strong>Grado 1 - Ayudantes<\/strong><\/p>\n<p><img loading=\"lazy\" decoding=\"async\" class=\"alignleft wp-image-141\" src=\"http:\/\/les.edu.uy\/fisica\/wp-content\/uploads\/2017\/02\/MZ.jpg\" alt=\"\" width=\"69\" height=\"69\" \/><em>Marcelo Zorrilla: Profesor de F\u00edsica (ANEP). Diplomado en F\u00edsica (ANEP-UDELAR). Docente del CIO-CT. Contacto: mzorrilla (a) unorte.edu.uy\u00a0 \u00a0<\/em> \u00a0 \u00a0 \u00a0 \u00a0 \u00a0 \u00a0 \u00a0 \u00a0 \u00a0 \u00a0 \u00a0 \u00a0 \u00a0 \u00a0 \u00a0 \u00a0 \u00a0 \u00a0 \u00a0 \u00a0 \u00a0 \u00a0 \u00a0 \u00a0 \u00a0 \u00a0 \u00a0 \u00a0 \u00a0 \u00a0 \u00a0 \u00a0 \u00a0 \u00a0 \u00a0 \u00a0 \u00a0 \u00a0 \u00a0 \u00a0 \u00a0 \u00a0 \u00a0 \u00a0 \u00a0 \u00a0<\/p>\n<p>\u00a0<\/p>\n<p><img loading=\"lazy\" decoding=\"async\" class=\"alignleft wp-image-313\" src=\"http:\/\/les.edu.uy\/fisica\/wp-content\/uploads\/2020\/04\/Foto_PaolaRusso.jpg\" alt=\"\" width=\"69\" height=\"75\" \/><em>Lic. Paola Russo : Es Licenciada en Ciencias H\u00eddricas Aplicadas (UdelaR, 2019).\u00a0 Comienza sus estudios de Maestr\u00eda en la Facultad de Ingenier\u00eda (2020)<\/em>\u00a0 \u00a0 \u00a0 \u00a0 \u00a0 \u00a0 \u00a0 \u00a0 \u00a0 \u00a0 \u00a0 \u00a0 \u00a0 \u00a0 \u00a0 \u00a0 \u00a0 \u00a0 \u00a0 \u00a0 \u00a0 \u00a0 \u00a0 \u00a0 \u00a0 \u00a0 \u00a0 \u00a0 \u00a0 \u00a0 \u00a0 \u00a0<\/p>\n<p>\u00a0<\/p>\n<p><img loading=\"lazy\" decoding=\"async\" class=\"alignleft wp-image-312\" src=\"http:\/\/les.edu.uy\/fisica\/wp-content\/uploads\/2020\/04\/andres_monetta.jpg\" alt=\"\" width=\"69\" height=\"69\" \/><em>Andr\u00e9s Monetta: Estudiante de Ingenier\u00eda en Computaci\u00f3n, Facultad de Ingenier\u00eda, UdelaR. Trabaja en la recepci\u00f3n autom\u00e1tica de las im\u00e1genes de sat\u00e9lite y de las medidas de la Red de Medida Continua de Irradiancia Solar (RMCIS).\u00a0 <\/em><\/p>\n<p>\u00a0<\/p>\n<p><img loading=\"lazy\" decoding=\"async\" class=\"alignleft wp-image-378\" src=\"http:\/\/les.edu.uy\/fisica\/wp-content\/uploads\/2020\/04\/Foto_DFL.png\" alt=\"\" width=\"69\" height=\"84\" \/><\/p>\n<p style=\"text-align: left;\"><em>Silvana Ottonelli: Profesora de F\u00edsica (ANEP). Diplomada en F\u00edsica (ANEP-UDELAR). Docente en el Depto. de Arquitectura. Contacto:\u00a0silvana.ottonelli (a) unorte.edu.<wbr \/>uy<\/em><\/p>\n<p style=\"text-align: left;\"><strong>Gr<\/strong><strong>ado 2 - Asistentes<\/strong><\/p>\n<p><em><img loading=\"lazy\" decoding=\"async\" class=\"alignleft wp-image-138\" src=\"http:\/\/les.edu.uy\/fisica\/wp-content\/uploads\/2017\/02\/GVL.png\" alt=\"\" width=\"59\" height=\"69\" \/><\/em><strong>Gerardo Vitale<\/strong>: <em>Profesor de F\u00edsica (ANEP). Diplomado en F\u00edsica (ANEP-<\/em><em>UDELAR). Realiza estudios de m<\/em><em>aestr\u00eda en Energ\u00edas Renovables en el INENCO (SAlta, Argentina). Trabaja en el Laboratorio de Energ\u00eda Solar (Muro Trombe, Termometr\u00eda, entre otras). Contacto: gvitale (a) unorte.edu.uy<\/em><\/p>\n<p><strong>Juan<\/strong><em><img loading=\"lazy\" decoding=\"async\" class=\"alignleft wp-image-124\" src=\"http:\/\/les.edu.uy\/fisica\/wp-content\/uploads\/2017\/02\/foto_juan-297x300.jpg\" alt=\"\" width=\"69\" height=\"70\" srcset=\"http:\/\/les.edu.uy\/fisica\/wp-content\/uploads\/2017\/02\/foto_juan-297x300.jpg 297w, http:\/\/les.edu.uy\/fisica\/wp-content\/uploads\/2017\/02\/foto_juan-150x150.jpg 150w, http:\/\/les.edu.uy\/fisica\/wp-content\/uploads\/2017\/02\/foto_juan-470x485.jpg 470w, http:\/\/les.edu.uy\/fisica\/wp-content\/uploads\/2017\/02\/foto_juan-160x160.jpg 160w, http:\/\/les.edu.uy\/fisica\/wp-content\/uploads\/2017\/02\/foto_juan.jpg 604w\" sizes=\"(max-width: 69px) 100vw, 69px\" \/><\/em><strong> Rodr\u00edguez<\/strong>: <em>Ingeniero Mec\u00e1nico (UDELAR, 2016). Es docente Grado 2 en el Depto. de Arquitectura. <\/em><em>Trabaja en el laboratorio de energ\u00eda solar en el \u00e1rea de solar t\u00e9rmica y en ensayos de eficiencia. Contacto: jrodrigue (a) fing.edu.uy<\/em><\/p>\n<p>\u00a0<\/p>\n<p><strong>Grado 3 - Profesores Adjuntos<\/strong><\/p>\n<p><img loading=\"lazy\" decoding=\"async\" class=\"alignleft wp-image-116\" src=\"http:\/\/les.edu.uy\/fisica\/wp-content\/uploads\/2017\/02\/foto-EMA-comprimida-225x300.jpg\" alt=\"EMA\" width=\"69\" height=\"92\" srcset=\"http:\/\/les.edu.uy\/fisica\/wp-content\/uploads\/2017\/02\/foto-EMA-comprimida-225x300.jpg 225w, http:\/\/les.edu.uy\/fisica\/wp-content\/uploads\/2017\/02\/foto-EMA-comprimida.jpg 768w\" sizes=\"(max-width: 69px) 100vw, 69px\" \/><strong>Eduardo Manuel Alvarez<\/strong>: <em>Ingeniero Electricista por UDELAR. Master of Science en Astronomia por la Unversidad de Swinburne, Australia. Se especializa en fotometr\u00eda y medici\u00f3n de asteroides y dirige el Observatorio Los Algarrobos, en Salto. Es responsable del \u00e1rea Inform\u00e1tica y Comunicaciones en CTM Salto Grande.<br \/>Contacto: emamia (a) adinet.com.uy<\/em><\/p>\n<p><strong><img loading=\"lazy\" decoding=\"async\" class=\"alignleft wp-image-140\" src=\"http:\/\/les.edu.uy\/fisica\/wp-content\/uploads\/2017\/02\/JLD.jpg\" alt=\"\" width=\"69\" height=\"69\" \/>Jos\u00e9 Luis Di Laccio<\/strong>: <em>Profesor de F\u00edsica (ANEP).\u00a0 Diplomado en F\u00edsica (ANEP-UDELAR).\u00a0 Especialista en Gesti\u00f3n Educativa por la UCU. Magister en Qu\u00edmica orientaci\u00f3n Educaci\u00f3n de la Facultad de Qu\u00edmica, UDELAR. Estudiante de doctorado en Ingenier\u00eda F\u00edsica de la FIng, UDELAR. Se especializa en uso de nuevas tecnolog\u00edas para la ense\u00f1anza de la f\u00edsica. Contacto: jdilaccio (a) unorte.edu.uy<\/em><\/p>\n<p><strong>Grado 5 - Profesor Titular<\/strong><\/p>\n<p><img loading=\"lazy\" decoding=\"async\" class=\"alignleft wp-image-119\" src=\"http:\/\/les.edu.uy\/fisica\/wp-content\/uploads\/2017\/02\/GA1-260x300.png\" alt=\"\" width=\"69\" height=\"80\" srcset=\"http:\/\/les.edu.uy\/fisica\/wp-content\/uploads\/2017\/02\/GA1-260x300.png 260w, http:\/\/les.edu.uy\/fisica\/wp-content\/uploads\/2017\/02\/GA1.png 393w\" sizes=\"(max-width: 69px) 100vw, 69px\" \/><strong>Gonzalo Abal<\/strong>:\u00a0 <em>Es PhD en F\u00edsica por PEDECIBA-UDELAR en 2001. Master of Science en F\u00edsica Nuclear, por la Universidad Federal de Rio de Janeiro y B.A. en F\u00edsica, por la Universidad de California en Berkeley, EEUU. Desde 2009 se especializa en medidas y modelado del recurso solar y dirije el Laboratorio de Energ\u00eda Solar en Salto. Es director del del Departamento de F\u00edsica por el per\u00edodo 2016-2017.<\/em><br \/><em>Contacto: abal (a) unorte.edu.uy<\/em><\/p>\n<hr \/>\n\n\n\n","protected":false},"excerpt":{"rendered":"<p>Funcionarios Docentes<\/p>\n<p>Grado 1 &#8211; Ayudantes<\/p>\n<p>Marcelo Zorrilla: Profesor de F\u00edsica (ANEP). Diplomado en F\u00edsica (ANEP-UDELAR). Docente del CIO-CT. Contacto: mzorrilla (a) unorte.edu.uy\u00a0 \u00a0 \u00a0 \u00a0 \u00a0 \u00a0 \u00a0 \u00a0 \u00a0 \u00a0 \u00a0 \u00a0 \u00a0 \u00a0 \u00a0 \u00a0 \u00a0 \u00a0 \u00a0 \u00a0 \u00a0 \u00a0 \u00a0 \u00a0 \u00a0 \u00a0 \u00a0 \u00a0 \u00a0 \u00a0 \u00a0 \u00a0 \u00a0 \u00a0 \u00a0 \u00a0 \u00a0 \u00a0 \u00a0 \u00a0 \u00a0 \u00a0 \u00a0 \u00a0 \u00a0 \u00a0 \u00a0 \u00a0<\/p>\n<p>\u00a0<\/p>\n<p>Lic. Paola Russo : Es Licenciada en Ciencias H\u00eddricas Aplicadas (UdelaR, 2019).\u00a0 Comienza sus estudios de Maestr\u00eda en la Facultad de Ingenier\u00eda (2020)\u00a0<\/p>\n","protected":false},"author":2,"featured_media":0,"parent":0,"menu_order":0,"comment_status":"closed","ping_status":"closed","template":"","meta":{"footnotes":""},"_links":{"self":[{"href":"http:\/\/les.edu.uy\/fisica\/wp-json\/wp\/v2\/pages\/101"}],"collection":[{"href":"http:\/\/les.edu.uy\/fisica\/wp-json\/wp\/v2\/pages"}],"about":[{"href":"http:\/\/les.edu.uy\/fisica\/wp-json\/wp\/v2\/types\/page"}],"author":[{"embeddable":true,"href":"http:\/\/les.edu.uy\/fisica\/wp-json\/wp\/v2\/users\/2"}],"replies":[{"embeddable":true,"href":"http:\/\/les.edu.uy\/fisica\/wp-json\/wp\/v2\/comments?post=101"}],"version-history":[{"count":43,"href":"http:\/\/les.edu.uy\/fisica\/wp-json\/wp\/v2\/pages\/101\/revisions"}],"predecessor-version":[{"id":492,"href":"http:\/\/les.edu.uy\/fisica\/wp-json\/wp\/v2\/pages\/101\/revisions\/492"}],"wp:attachment":[{"href":"http:\/\/les.edu.uy\/fisica\/wp-json\/wp\/v2\/media?parent=101"}],"curies":[{"name":"wp","href":"https:\/\/api.w.org\/{rel}","templated":true}]}}