{"id":157,"date":"2020-02-11T14:27:04","date_gmt":"2020-02-11T17:27:04","guid":{"rendered":"http:\/\/les.edu.uy\/fisica\/?page_id=157"},"modified":"2020-02-11T14:27:05","modified_gmt":"2020-02-11T17:27:05","slug":"astronomia","status":"publish","type":"page","link":"http:\/\/les.edu.uy\/fisica\/astronomia\/","title":{"rendered":"Astronom\u00eda"},"content":{"rendered":"\n<p><strong>Responsable: Prof. Eduardo Alvarez,<\/strong>\u00a0<br>Director del\u00a0<a href=\"http:\/\/www.olasu.com.uy\/\">Observatorio Los Algarrobos<\/a>\u00a0(OLASU), Salto.<\/p>\n\n\n\n<ul><li>Determinaci\u00f3n de par\u00e1metros orbitales de asteroides y cometas por fotometr\u00eda.<\/li><li>Per\u00edodo de rotraci\u00f3n de cuerpos celestes.<\/li><li>Medici\u00f3n de asteriodes.<\/li><\/ul>\n\n\n\n<figure class=\"wp-block-image size-large\"><img loading=\"lazy\" decoding=\"async\" width=\"1024\" height=\"683\" src=\"http:\/\/les.edu.uy\/fisica\/wp-content\/uploads\/2017\/02\/OLASU-de-noche1-recortada-1024x683.jpg\" alt=\"\" class=\"wp-image-130\" srcset=\"http:\/\/les.edu.uy\/fisica\/wp-content\/uploads\/2017\/02\/OLASU-de-noche1-recortada-1024x683.jpg 1024w, http:\/\/les.edu.uy\/fisica\/wp-content\/uploads\/2017\/02\/OLASU-de-noche1-recortada-300x200.jpg 300w, http:\/\/les.edu.uy\/fisica\/wp-content\/uploads\/2017\/02\/OLASU-de-noche1-recortada-768x512.jpg 768w, http:\/\/les.edu.uy\/fisica\/wp-content\/uploads\/2017\/02\/OLASU-de-noche1-recortada.jpg 1282w\" sizes=\"(max-width: 1024px) 100vw, 1024px\" \/><figcaption>OLASU en operaci\u00f3n.<\/figcaption><\/figure>\n\n\n\n<figure class=\"wp-block-image size-large\"><img loading=\"lazy\" decoding=\"async\" width=\"1024\" height=\"768\" src=\"http:\/\/les.edu.uy\/fisica\/wp-content\/uploads\/2017\/02\/414_Liriope-1024x768.jpg\" alt=\"\" class=\"wp-image-129\" srcset=\"http:\/\/les.edu.uy\/fisica\/wp-content\/uploads\/2017\/02\/414_Liriope-1024x768.jpg 1024w, http:\/\/les.edu.uy\/fisica\/wp-content\/uploads\/2017\/02\/414_Liriope-300x225.jpg 300w, http:\/\/les.edu.uy\/fisica\/wp-content\/uploads\/2017\/02\/414_Liriope-768x576.jpg 768w\" sizes=\"(max-width: 1024px) 100vw, 1024px\" \/><\/figure>\n","protected":false},"excerpt":{"rendered":"<p><strong>Responsable: Prof. Eduardo Alvarez,<\/strong>\u00a0<br \/>Director del\u00a0<a href=\"http:\/\/www.olasu.com.uy\/\">Observatorio Los Algarrobos<\/a>\u00a0(OLASU), Salto.<\/p>\n<ul>\n<li>Determinaci\u00f3n de par\u00e1metros orbitales de asteroides y cometas por fotometr\u00eda.<\/li>\n<li>Per\u00edodo de rotraci\u00f3n de cuerpos celestes.<\/li>\n<li>Medici\u00f3n de asteriodes.<\/li>\n<\/ul>\n<figure class=\"wp-block-image size-large\"><img loading=\"lazy\" decoding=\"async\" width=\"1024\" height=\"683\" src=\"http:\/\/les.edu.uy\/fisica\/wp-content\/uploads\/2017\/02\/OLASU-de-noche1-recortada-1024x683.jpg\" alt=\"\" class=\"wp-image-130\" srcset=\"http:\/\/les.edu.uy\/fisica\/wp-content\/uploads\/2017\/02\/OLASU-de-noche1-recortada-1024x683.jpg 1024w, http:\/\/les.edu.uy\/fisica\/wp-content\/uploads\/2017\/02\/OLASU-de-noche1-recortada-300x200.jpg 300w, http:\/\/les.edu.uy\/fisica\/wp-content\/uploads\/2017\/02\/OLASU-de-noche1-recortada-768x512.jpg 768w, http:\/\/les.edu.uy\/fisica\/wp-content\/uploads\/2017\/02\/OLASU-de-noche1-recortada.jpg 1282w\" sizes=\"(max-width: 1024px) 100vw, 1024px\" \/><figcaption>OLASU en operaci\u00f3n.<\/figcaption><\/figure>\n<figure class=\"wp-block-image size-large\"><img loading=\"lazy\" decoding=\"async\" width=\"1024\" height=\"768\" src=\"http:\/\/les.edu.uy\/fisica\/wp-content\/uploads\/2017\/02\/414_Liriope-1024x768.jpg\" alt=\"\" class=\"wp-image-129\" srcset=\"http:\/\/les.edu.uy\/fisica\/wp-content\/uploads\/2017\/02\/414_Liriope-1024x768.jpg 1024w, http:\/\/les.edu.uy\/fisica\/wp-content\/uploads\/2017\/02\/414_Liriope-300x225.jpg 300w, http:\/\/les.edu.uy\/fisica\/wp-content\/uploads\/2017\/02\/414_Liriope-768x576.jpg 768w\" sizes=\"(max-width: 1024px) 100vw, 1024px\" \/><\/figure>\n","protected":false},"author":2,"featured_media":0,"parent":0,"menu_order":0,"comment_status":"closed","ping_status":"closed","template":"","meta":{"footnotes":""},"_links":{"self":[{"href":"http:\/\/les.edu.uy\/fisica\/wp-json\/wp\/v2\/pages\/157"}],"collection":[{"href":"http:\/\/les.edu.uy\/fisica\/wp-json\/wp\/v2\/pages"}],"about":[{"href":"http:\/\/les.edu.uy\/fisica\/wp-json\/wp\/v2\/types\/page"}],"author":[{"embeddable":true,"href":"http:\/\/les.edu.uy\/fisica\/wp-json\/wp\/v2\/users\/2"}],"replies":[{"embeddable":true,"href":"http:\/\/les.edu.uy\/fisica\/wp-json\/wp\/v2\/comments?post=157"}],"version-history":[{"count":1,"href":"http:\/\/les.edu.uy\/fisica\/wp-json\/wp\/v2\/pages\/157\/revisions"}],"predecessor-version":[{"id":158,"href":"http:\/\/les.edu.uy\/fisica\/wp-json\/wp\/v2\/pages\/157\/revisions\/158"}],"wp:attachment":[{"href":"http:\/\/les.edu.uy\/fisica\/wp-json\/wp\/v2\/media?parent=157"}],"curies":[{"name":"wp","href":"https:\/\/api.w.org\/{rel}","templated":true}]}}