{"id":96,"date":"2017-02-01T22:08:49","date_gmt":"2017-02-02T01:08:49","guid":{"rendered":"http:\/\/les.edu.uy\/fisica\/?page_id=96"},"modified":"2020-04-19T18:01:27","modified_gmt":"2020-04-19T21:01:27","slug":"extension","status":"publish","type":"page","link":"http:\/\/les.edu.uy\/fisica\/extension\/","title":{"rendered":"Extensi\u00f3n"},"content":{"rendered":"<p style=\"text-align: left;\">Las actividades de extensi\u00f3n realizadas por los docentes del DFL son variadas.<\/p>\n<p style=\"text-align: left;\">Algunas de ellas se reportan en esta secci\u00f3n.<\/p>\n<ul>\n<li style=\"text-align: left;\">Jurado en concurso escolar para colectores solares organizado por CTM Salto Grande (G. Vitale)<\/li>\n<li style=\"text-align: left;\">Jurado en concurso escolar para cocinas solares organizado por CTM Salto Grande (G. Vitale)<\/li>\n<li style=\"text-align: left;\">Participaci\u00f3n en Ingenier\u00eda de Muestra 2015 (Energ\u00eda Solar) y 2016 (Ense\u00f1anza de la f\u00edsica con nuevas tecnolog\u00edas).<\/li>\n<li>Pasantes Ciencia Joven 2018<\/li>\n<li style=\"text-align: left;\"><i>Micro-pasant\u00edas Cient\u00edfico-Tecnol\u00f3gicas \u201cVIV\u00cd LA CIENCIA\u201d 2019<\/i><\/li>\n<li style=\"text-align: left;\">Visita de estudiantes escolares en el marco de Verano Educativo 2020<br \/>\n<img loading=\"lazy\" decoding=\"async\" class=\"wp-image-352 alignleft\" src=\"http:\/\/les.edu.uy\/fisica\/wp-content\/uploads\/2020\/04\/DSCN0107.jpg\" alt=\"\" width=\"450\" height=\"337\" \/><\/li>\n<\/ul>\n","protected":false},"excerpt":{"rendered":"<p style=\"text-align: left;\">Las actividades de extensi\u00f3n realizadas por los docentes del DFL son variadas.<\/p>\n<p style=\"text-align: left;\">Algunas de ellas se reportan en esta secci\u00f3n.<\/p>\n<ul>\n<li style=\"text-align: left;\">Jurado en concurso escolar para colectores solares organizado por CTM Salto Grande (G. Vitale)<\/li>\n<li style=\"text-align: left;\">Jurado en concurso escolar para cocinas solares organizado por CTM Salto Grande (G. Vitale)<\/li>\n<li style=\"text-align: left;\">Participaci\u00f3n en Ingenier\u00eda de Muestra 2015 (Energ\u00eda Solar) y 2016 (Ense\u00f1anza de la f\u00edsica con nuevas tecnolog\u00edas).<\/li>\n<li>Pasantes Ciencia Joven 2018<\/li>\n<li style=\"text-align: left;\"><i>Micro-pasant\u00edas Cient\u00edfico-Tecnol\u00f3gicas \u201cVIV\u00cd LA CIENCIA\u201d 2019<\/i><\/li>\n<li style=\"text-align: left;\">Visita de estudiantes escolares en el marco de Verano Educativo 2020<br \/>\n<img loading=\"lazy\" decoding=\"async\" class=\"wp-image-352 alignleft\" src=\"http:\/\/les.edu.uy\/fisica\/wp-content\/uploads\/2020\/04\/DSCN0107.jpg\" alt=\"\" width=\"450\" height=\"337\" \/><\/li>\n<\/ul>\n","protected":false},"author":2,"featured_media":0,"parent":0,"menu_order":0,"comment_status":"closed","ping_status":"closed","template":"","meta":{"footnotes":""},"_links":{"self":[{"href":"http:\/\/les.edu.uy\/fisica\/wp-json\/wp\/v2\/pages\/96"}],"collection":[{"href":"http:\/\/les.edu.uy\/fisica\/wp-json\/wp\/v2\/pages"}],"about":[{"href":"http:\/\/les.edu.uy\/fisica\/wp-json\/wp\/v2\/types\/page"}],"author":[{"embeddable":true,"href":"http:\/\/les.edu.uy\/fisica\/wp-json\/wp\/v2\/users\/2"}],"replies":[{"embeddable":true,"href":"http:\/\/les.edu.uy\/fisica\/wp-json\/wp\/v2\/comments?post=96"}],"version-history":[{"count":9,"href":"http:\/\/les.edu.uy\/fisica\/wp-json\/wp\/v2\/pages\/96\/revisions"}],"predecessor-version":[{"id":369,"href":"http:\/\/les.edu.uy\/fisica\/wp-json\/wp\/v2\/pages\/96\/revisions\/369"}],"wp:attachment":[{"href":"http:\/\/les.edu.uy\/fisica\/wp-json\/wp\/v2\/media?parent=96"}],"curies":[{"name":"wp","href":"https:\/\/api.w.org\/{rel}","templated":true}]}}